hest common divisor of 189 and 99918?
63
Calculate the greatest common factor of 73569 and 40275.
537
What is the highest common factor of 3544 and 36326?
886
Calculate the greatest common divisor of 1212 and 228.
12
Calculate the greatest common divisor of 153 and 9843.
51
Calculate the greatest common factor of 32 and 38736.
16
What is the greatest common factor of 508304 and 64?
16
What is the greatest common divisor of 440 and 136895?
55
What is the highest common factor of 357 and 32011?
119
Calculate the greatest common divisor of 198900 and 40.
20
Calculate the greatest common divisor of 378 and 847.
7
What is the highest common divisor of 188 and 234859?
47
What is the highest common divisor of 13 and 21775?
13
What is the greatest common factor of 91572 and 2028?
156
What is the highest common divisor of 8048 and 96?
16
Calculate the highest common factor of 16 and 96428.
4
What is the highest common divisor of 525 and 2150?
25
Calculate the highest common divisor of 714623 and 182.
91
What is the highest common factor of 2625 and 25?
25
What is the highest common divisor of 8155 and 315?
35
Calculate the highest common factor of 4072321 and 11.
11
What is the highest common factor of 13034 and 57?
19
What is the highest common divisor of 67317 and 1824?
57
Calculate the greatest common divisor of 1577248 and 32.
32
Calculate the greatest common factor of 9911 and 2244.
187
What is the highest common divisor of 160717 and 7439?
173
What is the greatest common factor of 340 and 37010?
10
What is the greatest common factor of 1610 and 430?
10
Calculate the greatest common divisor of 28699 and 319.
11
Calculate the highest common factor of 8670 and 130.
10
Calculate the greatest common factor of 2036 and 2842256.
2036
What is the highest common factor of 999 and 17427?
111
Calculate the greatest common factor of 884 and 13923.
221
What is the highest common factor of 41532 and 12?
12
Calculate the greatest common divisor of 60270 and 656.
82
Calculate the greatest common factor of 190 and 4370.
190
What is the greatest common factor of 102636 and 63?
9
What is the highest common divisor of 2737 and 10166?
391
What is the highest common factor of 1484 and 560?
28
What is the highest common divisor of 388 and 1814?
2
Calculate the greatest common factor of 12 and 14651784.
12
What is the greatest common factor of 10 and 1415?
5
What is the highest common divisor of 2055 and 2419420?
685
Calculate the highest common divisor of 7785 and 353439.
1557
What is the highest common divisor of 74001 and 1547?
17
Calculate the highest common divisor of 12488 and 728.
56
What is the highest common divisor of 156 and 23946?
78
Calculate the highest common divisor of 57 and 3135798.
57
What is the greatest common divisor of 817 and 558097?
43
What is the highest common divisor of 3102 and 12342?
66
What is the highest common factor of 1413 and 995223?
471
What is the greatest common divisor of 7786 and 3664?
458
Calculate the greatest common divisor of 164 and 2016.
4
What is the greatest common divisor of 6525 and 15?
15
What is the highest common factor of 1 and 9931?
1
What is the greatest common divisor of 48 and 3238096?
16
What is the highest common factor of 320 and 44180?
20
What is the greatest common factor of 24575 and 25?
25
Calculate the highest common divisor of 3690 and 17694.
18
What is the greatest common factor of 509196 and 120?
12
Calculate the greatest common divisor of 2664 and 14400.
72
What is the greatest common factor of 3097 and 11899?
163
What is the highest common factor of 105947 and 1908?
53
Calculate the greatest common divisor of 5117 and 11438.
301
Calculate the greatest common factor of 4912229 and 217.
217
Calculate the greatest common divisor of 16910795 and 881.
881
Calculate the greatest common divisor of 13 and 4403711.
13
Calculate the greatest common factor of 60920 and 310.
10
Calculate the greatest common factor of 2569 and 1603.
7
Calculate the greatest common factor of 867 and 46155.
51
Calculate the greatest common divisor of 10890 and 130075.
605
Calculate the highest common divisor of 3204 and 14062.
178
What is the greatest common factor of 10231 and 13?
13
Calculate the highest common factor of 169 and 12896.
13
What is the greatest common factor of 300 and 44400?
300
What is the highest common divisor of 765204 and 527?
527
What is the highest common divisor of 2103984 and 114?
114
What is the highest common divisor of 370 and 7430?
10
Calculate the highest common factor of 58434 and 6.
6
What is the highest common divisor of 15027 and 6?
3
What is the greatest common factor of 51 and 18789?
3
What is the greatest common factor of 9632 and 896?
224
Calculate the greatest common divisor of 6 and 95577.
3
What is the greatest common factor of 45837 and 1683?
99
What is the greatest common factor of 467 and 31289?
467
What is the highest common factor of 6754 and 22?
22
What is the highest common factor of 132 and 3320548?
44
What is the greatest common factor of 2667732 and 2?
2
What is the greatest common factor of 42946 and 1962?
218
What is the highest common divisor of 935944 and 8?
8
Calculate the highest common factor of 343 and 5341.
49
What is the greatest common divisor of 176534 and 2?
2
What is the highest common divisor of 1113 and 70287?
21
What is the greatest common factor of 99 and 133617?
33
What is the highest common divisor of 186 and 205809?
93
Calculate the highest common factor of 37015 and 63935.
3365
Calculate the greatest common divisor of 8664 and 250534.
722
Calculate the highest common divisor of 1677 and 17673.
129
What is the highest common divisor of 4321 and 11026?
149
Calculate the greatest common factor of 892 and 4798960.
892
Calculate the highest common factor of 56 and 119812.
28
Calculate the highest common factor of 724048 and 26.
26
Calculate the highest common factor of 101224 and 88.
8
Calculate the highest common factor of 3869 and 1241.
73
What is the highest common factor of 860 and 4700?
20
What is the highest common divisor of 3990 and 1440?
30
Calculate the highest common divisor of 1462 and 2159.
17
Calculate the highest common divisor of 1741272 and 3432.
312
Calculate the highest common divisor of 7146 and 14418.
18
What is the greatest common divisor of 123548 and 5963?
67
What is the greatest common divisor of 1114934 and 94?
94
What is the highest common factor of 73545 and 900?
15
Calculate the highest common factor of 830490 and 380.
190
What is the greatest common divisor of 12213 and 414?
207
Calculate the highest common divisor of 180401 and 39.
13
Calculate the highest common factor of 39 and 637091.
13
Calculate the greatest common divisor of 876260 and 220.
220
Calculate the highest common factor of 351701 and 3619.
329
What is the highest common factor of 224 and 175?
7
What is the highest common divisor of 169 and 3497?
13
What is the highest common factor of 528268 and 104?
52
Calculate the greatest common divisor of 8184 and 4488.
264
Calculate the highest common divisor of 73748 and 206.
206
What is the highest common divisor of 2486 and 226?
226
Calculate the highest common divisor of 161895 and 258.
129
What is the highest common divisor of 598 and 4862?
26
Calculate the greatest common factor of 12901 and 7581.
133
Calculate the highest common factor of 94 and 3137767.
47
What is the highest common divisor of 29592 and 16?
8
Calculate the greatest common divisor of 720 and 31310.
10
What is the highest common factor of 979 and 7921?
89
What is the greatest common divisor of 2980144 and 64?
16
Calculate the greatest common divisor of 22726 and 6.
2
What is the highest common divisor of 7373 and 3796?
73
What is the greatest common divisor of 32200 and 14812?
644
What is the highest common divisor of 4212 and 2449980?
1404
What is the greatest common factor of 348 and 369456?
12
Calculate the highest common factor of 49640 and 595.
85
Calculate the greatest common divisor of 1921441 and 1402.
701
Calculate the greatest common divisor of 48 and 18608.
16
Calculate the greatest common divisor of 4066 and 20.
2
Calculate the highest common divisor of 3843693 and 108.
27
What is the greatest common factor of 2046 and 19158?
186
Calcula